 of 130236070?
2, 5, 19, 685453
What are the prime factors of 151893541?
23, 89, 74203
What are the prime factors of 1202362680?
2, 3, 5, 10019689
List the prime factors of 1436912419.
23, 757, 82529
List the prime factors of 48015903.
3, 13, 1231177
What are the prime factors of 1070642841?
3, 37, 2381, 4051
List the prime factors of 73170386.
2, 37, 988789
What are the prime factors of 345583207?
345583207
What are the prime factors of 213319888?
2, 233, 57221
List the prime factors of 189675961.
193, 982777
What are the prime factors of 449996633?
23, 3517, 5563
What are the prime factors of 3193570437?
3, 1064523479
What are the prime factors of 120920213?
120920213
What are the prime factors of 1126225925?
5, 11, 41, 59, 1693
List the prime factors of 21268799.
1933, 11003
What are the prime factors of 2235691102?
2, 8429, 132619
What are the prime factors of 80297683?
80297683
List the prime factors of 44857390.
2, 5, 17, 263867
List the prime factors of 16922335.
5, 3384467
What are the prime factors of 123552057?
3, 83, 496193
List the prime factors of 298255856.
2, 59, 315949
List the prime factors of 75451423.
17, 1049, 4231
What are the prime factors of 16595601?
3, 11, 73, 83
What are the prime factors of 1708200525?
3, 5, 22776007
What are the prime factors of 45607897?
45607897
List the prime factors of 5782222081.
109, 223, 237883
What are the prime factors of 1855867924?
2, 463966981
List the prime factors of 720524891.
353, 2041147
What are the prime factors of 176682204?
2, 3, 401, 12239
List the prime factors of 118790831.
19, 37, 168977
List the prime factors of 51706023.
3, 2731, 6311
What are the prime factors of 148920983?
148920983
List the prime factors of 104818589.
3593, 29173
What are the prime factors of 36156842?
2, 769, 23509
What are the prime factors of 157100098?
2, 151, 607, 857
What are the prime factors of 420425711?
19, 22127669
List the prime factors of 126058344.
2, 3, 577, 9103
What are the prime factors of 390836159?
7, 43, 509, 2551
What are the prime factors of 49716084?
2, 3, 11, 19, 43, 461
What are the prime factors of 114237127?
17, 1553, 4327
What are the prime factors of 211854929?
11, 13, 1481503
What are the prime factors of 643507053?
3, 7, 4377599
List the prime factors of 790435408.
2, 7, 7057459
List the prime factors of 5648.
2, 353
What are the prime factors of 47486391?
3, 15828797
List the prime factors of 1078072891.
7, 154010413
What are the prime factors of 281074316?
2, 43, 1634153
What are the prime factors of 2134873590?
2, 3, 5, 31, 683, 3361
List the prime factors of 3890961009.
3, 13, 79, 140321
List the prime factors of 2813338.
2, 11, 41, 3119
What are the prime factors of 49536158?
2, 7, 23, 21977
What are the prime factors of 570878113?
13, 31, 108967
What are the prime factors of 25187715?
3, 5, 7, 11423
List the prime factors of 75526038.
2, 3, 7, 599413
List the prime factors of 285261677.
2467, 115631
What are the prime factors of 261664519?
1223, 213953
List the prime factors of 1071399893.
1071399893
List the prime factors of 2549293263.
3, 11, 8583479
What are the prime factors of 431569656?
2, 3, 7, 122327
What are the prime factors of 204220649?
37, 5519477
What are the prime factors of 537131142?
2, 3, 9946873
List the prime factors of 26656145.
5, 19, 280591
List the prime factors of 433548343.
59, 113, 65029
What are the prime factors of 15082154?
2, 7541077
What are the prime factors of 1469003863?
1153, 1274071
List the prime factors of 5181857437.
37, 140050201
What are the prime factors of 211921356?
2, 3, 23, 767831
What are the prime factors of 44515243?
44515243
List the prime factors of 817068722.
2, 17, 2381, 10093
What are the prime factors of 8857428?
2, 3, 83, 8893
What are the prime factors of 5815371969?
3, 11, 983, 19919
List the prime factors of 625743245.
5, 19, 151, 181, 241
What are the prime factors of 23386842?
2, 3, 1299269
List the prime factors of 140161204.
2, 35040301
List the prime factors of 3479998399.
4133, 842003
What are the prime factors of 194666434?
2, 23, 809, 5231
What are the prime factors of 258938771?
7, 13, 2845481
What are the prime factors of 269942586?
2, 3, 44990431
What are the prime factors of 1934347472?
2, 23, 5256379
List the prime factors of 687425069.
337, 2039837
What are the prime factors of 89052991?
139, 640669
What are the prime factors of 450319476?
2, 3, 37526623
List the prime factors of 197740033.
197740033
List the prime factors of 528658217.
107, 4940731
List the prime factors of 1356750297.
3, 7, 17, 29, 14561
What are the prime factors of 1407113887?
1407113887
List the prime factors of 4513081109.
41, 487, 226027
List the prime factors of 43720160.
2, 5, 11, 24841
List the prime factors of 159089570.
2, 5, 17, 53, 17657
List the prime factors of 11437038.
2, 3, 101, 233
What are the prime factors of 12775728?
2, 3, 7, 47, 809
What are the prime factors of 50610382?
2, 449, 56359
List the prime factors of 39237788.
2, 9809447
List the prime factors of 64039128.
2, 3, 2668297
List the prime factors of 329965713.
3, 7, 11, 311, 1531
List the prime factors of 190970140.
2, 5, 19, 502553
What are the prime factors of 57388233?
3, 7, 41, 66653
What are the prime factors of 103718419?
7, 14816917
List the prime factors of 41060797.
17, 907, 2663
List the prime factors of 87652123.
13, 29, 232499
What are the prime factors of 49020459?
3, 71, 230143
List the prime factors of 81523646.
2, 53, 769091
List the prime factors of 2086224770.
2, 5, 7, 29803211
What are the prime factors of 22142337?
3, 7, 41, 25717
What are the prime factors of 123241020?
2, 3, 5, 7, 293431
List the prime factors of 337949087.
7, 631, 76511
What are the prime factors of 480773297?
281, 1710937
List the prime factors of 132202389.
3, 11, 4006133
List the prime factors of 102488584.
2, 11, 19, 61297
List the prime factors of 164747249.
164747249
What are the prime factors of 221663961?
3, 887, 27767
What are the prime factors of 630649481?
7, 11, 43, 190471
List the prime factors of 35871537.
3, 13, 37, 24859
List the prime factors of 2861289310.
2, 5, 11, 26011721
What are the prime factors of 936235506?
2, 3, 156039251
What are the prime factors of 362879944?
2, 7, 6479999
What are the prime factors of 1553356823?
883, 1759181
What are the prime factors of 2551822403?
13, 1709, 114859
List the prime factors of 6812414284.
2, 13, 17, 1171, 6581
List the prime factors of 529521775.
5, 21180871
List the prime factors of 62419964.
2, 73, 241, 887
What are the prime factors of 179944668?
2, 3, 19, 263077
What are the prime factors of 192446436?
2, 3, 7, 13, 29, 59, 103
List the prime factors of 830821849.
11, 13, 5809943
List the prime factors of 3619659013.
397, 9117529
What are the prime factors of 789384629?
11, 127, 565057
What are the prime factors of 789295674?
2, 3, 41, 229, 14011
List the prime factors of 4550190.
2, 3, 5, 151673
What are the prime factors of 400793391?
3, 19, 281, 439
What are the prime factors of 255406445?
5, 7, 233, 31319
List the prime factors of 6235126012.
2, 103, 1201, 12601
List the prime factors of 103833455.
5, 11, 509, 3709
List the prime factors of 187295323.
59, 3174497
List the prime factors of 2998639807.
6763, 443389
List the prime factors of 715922757.
3, 11, 657413
What are the prime factors of 28866525?
3, 5, 557, 691
What are the prime factors of 1551805765?
5, 83, 3739291
List the prime factors of 1638467784.
2, 3, 7585499
List the prime factors of 1053179796.
2, 3, 709, 123787
What are the prime factors of 1013716347?
3, 7, 59, 818173
List the prime factors of 916977890.
2, 5, 91697789
What are the prime factors of 30310661?
30310661
List the prime factors of 146966932.
2, 7, 47, 181, 617
List the prime factors of 194189919.
3, 7, 11, 67, 12547
List the prime factors of 6023019600.
2, 3, 5, 13, 42899
What are the prime factors of 54350631?
3, 229, 26371
What are the prime factors of 33381730?
2, 5, 31, 257, 419
What are the prime factors of 289022911?
331, 661, 1321
List the prime factors of 1033857427.
1033857427
What are the prime factors of 51716672?
2, 7, 241, 479
What are the prime factors of 1778991305?
5, 7, 13, 59, 9467
What are the prime factors of 33637633?
33637633
Wha